*2 - 2*t + 1. Let p be i(1). Let o be 606/12 - (-3)/(-2). Suppose 5 - o = -4*z. Calculate the highest common divisor of p and z.
11
Let k be ((-12)/(-8) - 3)*-10. Suppose z + 5*v - 8 = -2*z, -2*z + 22 = -5*v. Calculate the highest common factor of z and k.
3
Suppose 0 = -5*s + 86 + 184. Let m(d) = -d**2 + 6*d - 6. Let z be m(6). Let x = 12 + z. What is the greatest common factor of s and x?
6
Let d(b) = 3*b + 27. Let t be d(11). Calculate the highest common divisor of 24 and t.
12
Let x(u) = u + 7. Let r be x(-4). Suppose n - 6*n + r*k = -54, 5*k + 33 = 2*n. Let d = 63 + -27. Calculate the highest common divisor of d and n.
9
Let j(l) = -2*l - 1. Let x(o) = -2*o. Let w be x(2). Let f be j(w). Let s(z) = 4*z + 1. Let t be s(5). What is the highest common factor of f and t?
7
Suppose z + 5 - 2 = 0, -3*y = -3*z - 792. Calculate the highest common factor of 29 and y.
29
Let y(t) = t + 10. Let z be y(-8). Suppose 0 = -p + x + 63, x = -z*p - 3*x + 126. Calculate the greatest common divisor of p and 42.
21
Let w be (-5)/20 + (-334)/8. Let u be w/(-10) - (-2)/(-10). Calculate the greatest common factor of 16 and u.
4
Let p = 8 + -5. What is the highest common factor of 15 and p?
3
Suppose 2*c = 74 - 32. What is the greatest common factor of 7 and c?
7
Let t = -7 - -24. Let o = t + 9. Let d be o/4 + 1/2. What is the greatest common divisor of 56 and d?
7
Let q(h) = -3*h - 12. Suppose -5*m = i + 49, 0*m = 2*m + 2*i + 26. Let z be q(m). What is the greatest common divisor of 105 and z?
15
Let p be (-44 - -1)/((-2)/4). Let u = 194 - p. Calculate the greatest common factor of 12 and u.
12
Suppose -4*x - 15 = -3*o - 2*x, 2*o - x - 11 = 0. Let b(q) = q**3 + 6*q**2 - 7*q - 4. Let i be b(-5). Calculate the greatest common factor of o and i.
7
Suppose 2*x + 7 - 167 = 0. What is the highest common factor of 32 and x?
16
Let v(y) be the second derivative of 7/6*y**3 + 3/2*y**2 + y + 0. Let i be v(3). What is the greatest common factor of 8 and i?
8
Suppose -3*j + 5*j = 0. Let c(r) = -6*r - 1. Let o be c(-1). Let a = j + o. Calculate the highest common factor of a and 5.
5
Let v(z) = 7*z - 31. Let p be v(8). Suppose -b + 5 = -5. Calculate the highest common factor of p and b.
5
Let w be (-1 + 1)*3/(-6). Let v be ((-3)/(-6)*w)/(-2). Suppose v = 3*i - 69 - 57. Calculate the greatest common factor of 63 and i.
21
Suppose 0 = -5*x + 7*x - 246. Suppose -x - 72 = -5*v. Let k be 4/(-6)*v/(-2). What is the highest common factor of 26 and k?
13
Let h(v) = -v**2 + 3*v + 5. Let t be h(5). Let q = t + 10. What is the greatest common divisor of q and 15?
5
Suppose 12 = v - 23. Calculate the greatest common factor of 7 and v.
7
Suppose 2*l - 8 = -0*l. Let t(b) = -b**3 + 3*b**2 + 6*b - 6. Let n be t(l). Suppose -3*f = -n*f - 143. What is the greatest common factor of 13 and f?
13
Suppose z = 5*p, -2*z - 5*p = -0*p. Suppose 0 = y - 5*i - 3 - 5, -2*i = -y + 5. Suppose z = -y*q + 18. Calculate the greatest common divisor of q and 4.
2
Suppose 2*y - 48 = 4*s, -4*y + 4*s + 106 = 6*s. Calculate the greatest common factor of y and 104.
26
Let k = 191 - 83. What is the greatest common factor of 12 and k?
12
Let q(p) = -p**3 + 3*p**2 + p + 1. Let f be q(3). Let h = -33 + f. Let m be -2 - (-3 + 3 + h). What is the greatest common factor of 18 and m?
9
Let w = -3 - -8. Suppose w*a = -0*a + 105. Calculate the highest common divisor of 3 and a.
3
Suppose -z + 2*h = 3, z + 4*h = -3*z. Let p(j) = 5*j + 1. Let q be p(z). Let n = q + 16. What is the highest common divisor of n and 108?
12
Let f(w) = w**2 + 2*w - 3. Suppose -3*z = p + 2, 0 = -5*p + 4*z - 5*z + 18. Let g be f(p). What is the highest common divisor of g and 7?
7
Suppose -5*n - 75 = -5*v, 3*v + n = -n + 40. What is the highest common factor of v and 98?
14
Let d = -1 + 13. Let t = 22 - 16. Let k = t - 3. Calculate the highest common factor of d and k.
3
Suppose 0 = 2*c + 5*a + 58, 3*a = -c + 4*a - 15. Let s = -9 - c. Suppose 0 = 3*i - 3 + 6, -2*i = -k + s. What is the highest common factor of k and 8?
8
Let r = 7 - 6. Let q(u) = r + 4*u + 3*u + 2*u + 8*u. Let i be q(1). Calculate the highest common factor of 198 and i.
18
Let l be (10 - (-1 - 1)) + (-6 - -10). Let s(u) = -4*u + 2. Let d be s(-2). Let k = d + -2. What is the highest common factor of l and k?
8
Let y(x) = x**2 - 2*x + 11. Let m be y(-11). What is the highest common divisor of 14 and m?
14
Let u = -80 - -92. What is the highest common divisor of 108 and u?
12
Suppose -12 = -0*m - 2*m. Let g be 9/m - (-9)/(-6). Suppose -44 = -5*f + 2*i, -f - i - 4*i - 2 = g. Calculate the greatest common factor of 2 and f.
2
Let m = 34 + -14. Let q be (-4)/(-1) - (-1 - -1). Let a be 9/q - 1/4. What is the highest common divisor of m and a?
2
Let t(n) = 2*n**2 - 2*n - 2. Let i be t(-2). Calculate the highest common factor of 40 and i.
10
Let u be 6/8 - 2845/(-20). Calculate the greatest common factor of 13 and u.
13
Let n be (94 - (-2 + 0)) + 0. Suppose 0*v + 4*v = n. Let t = 6 + 0. What is the highest common divisor of v and t?
6
Let m be ((-8)/6)/(48/(-936)). What is the greatest common divisor of m and 78?
26
Let h = -36 - -52. What is the highest common divisor of h and 16?
16
Let s be 8*1*10/5. Calculate the highest common factor of s and 48.
16
Suppose 0*q = 4*q - j - 106, 2*q + 3*j = 60. Let n be 2 + -2 + 9 + 1. Suppose 2*f - n = -4. Calculate the greatest common divisor of f and q.
3
Let i = 33 - 20. Let l be 1400/12 - (-15)/45. Calculate the highest common factor of l and i.
13
Let f(v) = v**2 + v + 3. Let r be 2/4 - 17/(-2). Let u be f(r). Suppose -42 = 5*d - h - 225, 3*d + 5*h = u. Calculate the highest common divisor of 9 and d.
9
Let z(s) = -3*s**3 - 2*s + 2 - 6*s**3 + 4*s**3 + 4*s**3 + 5*s**2. Let y be z(4). What is the greatest common divisor of y and 10?
10
Let g be (0 - (-19 + 1)) + 0. Let p(t) = t**2 + 3*t - 4. Let n be p(-8). Suppose c = 5*c - n. Calculate the greatest common divisor of c and g.
9
Let t(o) = 2*o**2 + 6*o + 5. Let l be t(-4). Suppose 0 = -2*z + j + 182, z + 14*j - 9*j = 91. Calculate the highest common factor of l and z.
13
Let a be 36/10 + (-8)/(-20). Suppose a*g + 8 = 3*s - 7, -3*s + 3*g + 15 = 0. What is the greatest common divisor of 1 and s?
1
Let l(z) be the second derivative of -z**5/20 - z**4/4 + z**3/2 - 2*z. Let n be l(-4). What is the greatest common factor of 4 and n?
4
Suppose -4*x + 4*o = -452, 0 = 3*x + o - 133 - 202. Calculate the highest common factor of 28 and x.
28
Let b be (-4)/3*(-102)/4. Suppose 0 = -4*z + f + 55 + b, -3*f = 5*z - 107. Calculate the highest common factor of z and 110.
22
Let v be (-494)/(-39) - 4/(-3). Calculate the highest common divisor of 2 and v.
2
Let z be -2 + -11*2/(-2). Calculate the greatest common divisor of z and 27.
9
Let y = 124 - -11. What is the greatest common factor of y and 90?
45
Let s be ((-4 - -13)/(-3) + 61)/2. What is the greatest common divisor of 203 and s?
29
Let t be (75/(-10))/((-1)/2). Calculate the highest common divisor of t and 165.
15
Suppose 2*m + 80 = 6*b - 3*b, -3*b - 2*m = -76. Let h be (-78)/8*(-4)/1. What is the highest common factor of h and b?
13
Suppose 4*q - 8 = -4*p, -3*p + 5*q + 35 = 5. What is the highest common divisor of 25 and p?
5
Let s(f) = 3*f - 13. Let n be s(8). Suppose 0 = -0*t - 2*t - 2. Let h be (-1 - -122)/(t/(-1)). Calculate the greatest common divisor of h and n.
11
Suppose 1 + 91 = 5*o + 2*a, 0 = -o + 2*a + 16. Let s be (-14)/1*(1 + (-301)/49). Calculate the greatest common factor of s and o.
18
Let u be (1/2)/(2/96). What is the greatest common factor of u and 12?
12
Suppose -n + 24 + 127 = -i, 4*n + 5*i - 613 = 0. Suppose 5*m - 3*w = 248, -3*m + 7*w = 2*w - n. Calculate the greatest common factor of 7 and m.
7
Suppose -5*u + 11 - 1 = 0. Let y = 1 - -2. Suppose -47 = -5*l + 3*x, y*l - x - 32 = -3*x. What is the highest common divisor of u and l?
2
Suppose 0 = -5*a + a - 2*q + 204, 0 = -5*a - q + 249. Let t(n) = -3*n - 2. Let o = -6 - -3. Let v be t(o). What is the highest common divisor of v and a?
7
Let t be 30 - 18 - (-1 + 0). What is the greatest common factor of 117 and t?
13
Let n be (-2)/9 + (-5999)/(-63). Calculate the greatest common divisor of n and 38.
19
Let o be ((39/6)/(-13))/((-2)/96). Let m(u) = u**3 + 3*u**2 - u. Let i be m(-2). Calc